culate the highest common factor of 147 and 14934.
3
Calculate the greatest common divisor of 33 and 57805.
11
What is the highest common divisor of 2456 and 335551?
307
Calculate the highest common divisor of 339834 and 209.
209
What is the highest common factor of 5439 and 3969?
147
What is the highest common divisor of 1008 and 69888?
336
Calculate the highest common factor of 192 and 4944.
48
Calculate the greatest common factor of 696 and 16878.
174
What is the highest common divisor of 5 and 284020?
5
Calculate the greatest common divisor of 59026 and 121.
11
What is the greatest common divisor of 700138 and 394?
394
Calculate the highest common factor of 7494 and 114.
6
What is the highest common divisor of 8920 and 880?
40
What is the greatest common factor of 378 and 2659482?
126
Calculate the highest common divisor of 14061 and 516.
129
What is the highest common factor of 417405 and 15?
15
Calculate the highest common divisor of 7455 and 135.
15
What is the greatest common divisor of 1458 and 13186152?
1458
What is the highest common factor of 165 and 1641?
3
What is the greatest common divisor of 20083 and 1349?
19
What is the highest common factor of 126 and 6678?
126
What is the greatest common factor of 344724 and 828?
276
What is the greatest common factor of 112968 and 56?
8
Calculate the highest common factor of 4 and 90164.
4
Calculate the highest common divisor of 297 and 11313.
27
What is the highest common factor of 8832 and 8?
8
Calculate the greatest common divisor of 18 and 6127083.
9
What is the highest common factor of 610 and 30378?
122
What is the highest common factor of 6965 and 734111?
1393
What is the greatest common divisor of 528450 and 156?
78
What is the highest common divisor of 3132 and 1215?
27
Calculate the greatest common factor of 5 and 2883.
1
Calculate the greatest common factor of 1320 and 352110.
330
Calculate the greatest common factor of 1 and 179.
1
What is the greatest common factor of 19455 and 2880?
15
Calculate the greatest common factor of 3672 and 19431.
153
What is the greatest common factor of 11866 and 544?
34
Calculate the highest common factor of 492 and 1775505.
123
Calculate the greatest common factor of 459 and 27693.
153
What is the greatest common divisor of 1324 and 662662?
662
Calculate the highest common divisor of 119 and 18648.
7
Calculate the greatest common factor of 188 and 8883.
47
Calculate the highest common factor of 330 and 718860.
30
What is the highest common divisor of 574 and 562807?
287
What is the highest common factor of 296 and 850852?
148
What is the highest common divisor of 3580 and 18940?
20
What is the greatest common divisor of 83178 and 36?
18
Calculate the greatest common divisor of 3060 and 684.
36
What is the highest common factor of 48 and 85264?
16
What is the highest common divisor of 129984 and 24?
24
Calculate the greatest common factor of 225 and 19825.
25
Calculate the highest common divisor of 65936 and 1040.
208
Calculate the greatest common divisor of 94282 and 136.
34
What is the greatest common factor of 1608 and 202072?
536
Calculate the greatest common divisor of 1840 and 180688.
368
What is the greatest common factor of 30925 and 25?
25
What is the highest common factor of 68 and 166226?
34
What is the greatest common divisor of 29887 and 363?
121
What is the greatest common divisor of 932 and 2643618?
466
Calculate the greatest common factor of 3868 and 400.
4
Calculate the greatest common divisor of 3276 and 1281.
21
What is the greatest common divisor of 1162210 and 70?
70
What is the highest common divisor of 30 and 225270?
30
What is the highest common divisor of 55 and 5755?
5
What is the greatest common divisor of 315600 and 192?
48
Calculate the greatest common divisor of 29565 and 1825.
365
What is the highest common divisor of 3813465 and 834?
417
What is the greatest common factor of 1222 and 15114918?
1222
What is the highest common divisor of 3728 and 294046?
466
Calculate the greatest common divisor of 43624 and 8132.
76
What is the greatest common factor of 18495 and 10422?
27
What is the greatest common divisor of 341705 and 12285?
455
Calculate the highest common divisor of 1 and 19070.
1
What is the greatest common divisor of 9575 and 250?
25
Calculate the highest common divisor of 135 and 107820.
45
What is the highest common divisor of 5162146 and 2596?
1298
Calculate the highest common divisor of 392 and 318892.
196
What is the highest common factor of 1405 and 281?
281
What is the highest common divisor of 101744 and 496?
16
Calculate the highest common factor of 70600 and 136.
8
Calculate the greatest common divisor of 70 and 6825.
35
What is the highest common factor of 288628 and 2950?
118
What is the greatest common factor of 10318 and 88704?
154
Calculate the highest common factor of 24000 and 14208.
192
Calculate the greatest common divisor of 8730 and 180.
90
What is the greatest common factor of 5005 and 11396?
77
Calculate the highest common divisor of 65265 and 1425.
285
Calculate the highest common divisor of 3748797 and 936.
117
What is the greatest common divisor of 2057 and 263483?
187
Calculate the highest common divisor of 9618 and 36204.
42
What is the greatest common divisor of 2084473 and 1623?
541
Calculate the highest common divisor of 4164274 and 1194.
398
What is the greatest common divisor of 300520 and 488?
8
What is the greatest common factor of 132 and 961708?
44
What is the greatest common factor of 2828 and 123220?
404
What is the greatest common divisor of 1305696 and 87?
87
Calculate the highest common divisor of 12833 and 41.
41
What is the greatest common divisor of 7029 and 1233270?
639
Calculate the highest common factor of 1172 and 76766.
586
Calculate the highest common divisor of 749 and 804961.
107
Calculate the highest common divisor of 273017 and 837.
31
Calculate the greatest common factor of 2001 and 4785.
87
What is the highest common factor of 9120 and 29716?
76
What is the highest common factor of 186 and 111?
3
Calculate the greatest common divisor of 221 and 75633.
17
Calculate the greatest common factor of 236316 and 14100.
564
Calculate the highest common divisor of 73397 and 95.
19
What is the highest common factor of 1139 and 1921?
17
What is the highest common divisor of 96746 and 234?
26
Calculate the highest common factor of 1353 and 29520.
123
Calculate the greatest common factor of 150 and 121.
1
Calculate the greatest common factor of 8290 and 30.
10
Calculate the highest common factor of 1743568 and 59.
59
What is the greatest common divisor of 4025 and 1435?
35
Calculate the greatest common factor of 81 and 24489.
27
Calculate the greatest common factor of 436 and 4206964.
436
What is the greatest common divisor of 3346 and 3521?
7
Calculate the highest common divisor of 11070 and 705.
15
Calculate the highest common factor of 1068536 and 224.
56
Calculate the highest common divisor of 15561 and 2261.
133
Calculate the highest common divisor of 2 and 83532.
2
Calculate the greatest common divisor of 39479 and 11.
11
Calculate the greatest common factor of 4144 and 20313.
37
Calculate the greatest common divisor of 113530 and 430.
10
What is the highest common factor of 648 and 63792?
72
What is the greatest common divisor of 158 and 3479871?
79
What is the highest common divisor of 147 and 10836?
21
Calculate the highest common factor of 2832 and 1113507.
177
Calculate the greatest common factor of 421 and 91778.
421
Calculate the greatest common divisor of 54963 and 42129.
279
What is the greatest common divisor of 15701 and 749?
7
Calculate the greatest common divisor of 249 and 177952.
83
What is the greatest common divisor of 418 and 13148?
38
Calculate the highest common factor of 116 and 33564.
4
What is the highest common divisor of 21609 and 931?
49
What is the highest common divisor of 53 and 607?
1
What is the highest common factor of 20088 and 1782?
162
What is the highest common factor of 389985 and 30?
15
Calculate the greatest common divisor of 539 and 14357.
49
Calculate the greatest common factor of 348 and 12396.
12
What is the highest common divisor of 925 and 6364?
37
Calculate the greatest common factor of 630 and 13198500.
630
